p + 208, -5*a - 9 + 4 = 0. Calculate the remainder when p is divided by 10.
2
Suppose t - 4*t = -216. Let r = 25 + t. Calculate the remainder when r is divided by 14.
13
Let p(x) = -x**3 - 4*x**2 + 5*x + 7. What is the remainder when 137 is divided by p(-5)?
4
Let z(h) = 10*h - 118. What is the remainder when 87 is divided by z(13)?
3
Let v = -948 - -1087. Calculate the remainder when v is divided by 11.
7
Let g(o) = o**3 - 16*o**2 - 15*o - 24. Suppose -13 = -3*r + 2. Suppose -142 = -r*h + 48. Calculate the remainder when h is divided by g(17).
8
Let p(s) = -9 - s**2 - 7*s + 2*s**2 + 8 + 14. Calculate the remainder when ((-3)/2)/(1/(-6)) is divided by p(5).
0
Suppose c + 2*c = l + 13, 4*l = 2*c - 2. Suppose -l*j = 5*j - 70. What is the remainder when 47 is divided by j?
7
Let a = -436 - -566. What is the remainder when a is divided by 9?
4
Calculate the remainder when 34 is divided by (-9)/(-6)*((-24)/3)/(-2).
4
Suppose -15*b = 16*b - 992. What is the remainder when b is divided by (-46 + 1)/(-3) + -2?
6
Suppose -6 = 4*p - 2. Let y = 4 + p. Calculate the remainder when 49 is divided by y.
1
Let w = 193 + -511. What is the remainder when 3/(-5) + w/(-5) is divided by 19?
6
Let l = 23 - 20. Suppose 1 = j + 5*r + 19, l*r = 5*j + 90. Calculate the remainder when 11 is divided by (-28)/(-6) - (-12)/j.
3
Let u = 568 - 122. What is the remainder when u is divided by 28?
26
Let l = 64 - 13. Let d = l + -41. Calculate the remainder when 67 is divided by d.
7
Let o = -8 - -7. What is the remainder when (-3)/o + (-96)/(-3) is divided by ((-39)/(-9))/(3/9)?
9
Suppose 0 = 23*d - 20*d - 51. What is the remainder when 113 is divided by d?
11
Let i = 141 + 137. Calculate the remainder when i is divided by 35.
33
Suppose 2*g + p = 29, 2*p + 3*p = g + 13. Let c = g + -15. Let w(x) = 3*x**2 + 3*x - 2. What is the remainder when w(c) is divided by 9?
7
Calculate the remainder when 33 is divided by 4345/(-158)*(-4)/10.
0
Suppose -40 = -0*a - a. Calculate the remainder when ((-24)/(-10))/(12/a) is divided by 4/10 + ((-92)/(-5))/4.
3
Let b = 402 + -300. What is the remainder when b is divided by 26?
24
Let g be 2*1/(-2) - 39. Let j be g/6*(-30)/25. Suppose k - 4 = j. What is the remainder when 33 is divided by k?
9
Suppose -4*s + 22 = -74. Let i = 54 - s. Let n(t) = 91*t - 520. What is the remainder when n(7) is divided by i?
27
Let t(j) = 12*j**2 + 6*j + 28. Calculate the remainder when t(-6) is divided by 33.
28
Let y(a) = -a**3 + 8*a**2 - 11*a + 14. Suppose -3*u = 5*n + u - 14, 0 = -4*n - 4*u + 8. Calculate the remainder when 52 is divided by y(n).
12
Let p(z) = 2*z**3 + 15*z**2 - 6*z + 19. Suppose 13 = 2*h - 3. What is the remainder when h is divided by p(-8)?
2
Let v = 1 + 7. Suppose 0 = -7*x + v*x + 3. Let j = 13 + x. What is the remainder when 19 is divided by j?
9
Calculate the remainder when ((-95)/(-38))/(((-18)/(-40))/9) is divided by 40.
10
Let q = 116 + -99. Let p be 0*(-2)/4 + 2. Suppose 0 = p*w - 60 - 6. Calculate the remainder when w is divided by q.
16
Suppose 5*x + 9*b - 185 = 13*b, 2*b - 51 = -x. What is the remainder when x is divided by 14?
13
Suppose 2*u - 4*a - 179 - 11 = 0, a + 359 = 4*u. What is the remainder when u is divided by 2/(66/62 + -1)?
27
Let o = -6 + 24. Suppose -3*y - 3*r = -10 + 1, -y + r = -7. Suppose 3*c = -b + 39, -y*b - 4*c + 247 = -2*c. Calculate the remainder when b is divided by o.
15
Suppose 3*b - o + 60 = -2*o, 0 = 3*b - 5*o + 60. Calculate the remainder when 25 is divided by (-238)/(-26) + b/130.
7
Let m(b) = -7*b - 3. Suppose -3*q = v - 7, -4*v - v = 10. Let k(f) = -2*f + 2. Let j be k(q). Calculate the remainder when m(j) is divided by 9.
7
Let u(p) = p**3 + 6*p**2 - 3*p + 1. Let g be (-17)/2*2 + 4. Let h be g/3 - 5/(-15). What is the remainder when u(h) is divided by 16?
13
Let c = -174 - -190. What is the remainder when 123 is divided by c?
11
Let t = 0 + 26. Let a = 28 - t. Suppose 5*i + 42 = 4*o + 15, -4*i = -3*o + 21. What is the remainder when o is divided by a?
1
Let p = -29 - -44. Let f be (1 + (-2 - p))*-3. Suppose 20 = 4*h - f. What is the remainder when 49 is divided by h?
15
Let n(h) = -5*h + 1. Calculate the remainder when 2/10 - ((-1374)/30 - -3) is divided by n(-2).
10
Calculate the remainder when (126/(-147))/((-3)/3150) is divided by 82.
80
Suppose m + 5*n - 3*n = 0, -2*m + n = -5. Suppose 0 = -m*x + 18 + 4. Calculate the remainder when ((-20)/12)/((-2)/36) is divided by x.
8
Suppose 2*j = -37 + 113. Let b = 49 - j. Calculate the remainder when 21 is divided by b.
10
Let s(o) = -2*o - 7. Let b be s(-7). Suppose 4 - b = -a. Let i = 1 + a. Calculate the remainder when 15 is divided by i.
3
Let v(z) = z**3 - 2*z**2 + 8*z + 4. Suppose -7*p = -8*p + 20. Calculate the remainder when v(5) is divided by p.
19
Suppose -20*y - 1672 = -39*y. What is the remainder when y is divided by 24?
16
Suppose 5*z = 6*z - 3*m - 15, 3*z - 2*m - 38 = 0. What is the remainder when 14 is divided by (z - 0)/(36/24)?
6
Let b(u) = u**2 - u - 31. What is the remainder when b(-14) is divided by 13?
10
Let t(a) be the first derivative of -a**4/4 - 8*a**3/3 - a**2 - 4*a - 26. What is the remainder when 71 is divided by t(-8)?
11
Suppose 0 = -229*i + 226*i + 225. Suppose 0 = -4*d + 6 + 22. Calculate the remainder when i is divided by d.
5
Let j(u) = u**2 + 5*u + 1. Let z be j(-5). Calculate the remainder when z/(4 + 249/(-63)) is divided by 12.
9
Let y(v) = -v**3 - 6 + 4*v - 11*v - 3*v**2 + 5*v. Calculate the remainder when 35 is divided by y(-4).
17
Suppose -6*l + 4*p = -3*l - 104, 0 = -l - 5*p + 60. Calculate the remainder when 199 is divided by l.
39
Let o(r) = 15*r**3 - 3*r**2 + 4*r - 2. Let i(j) = -j**3 - 7*j**2 - 14*j - 7. Let t be i(-4). What is the remainder when o(t) is divided by 3?
2
Let w(p) = -14*p - 7. Let g(o) = -2*o - 6. Let n be g(-4). Suppose 0*i = n*i - 164. Calculate the remainder when i is divided by w(-2).
19
Calculate the remainder when 34 is divided by -3*(-7 + 1/1).
16
Let z = 8 - 7. Suppose -31*k = -32*k + 4. What is the remainder when -5*z*42/(-35) is divided by k?
2
Suppose -3*m + 4*n + 17 = -7, -m + 10 = -2*n. Suppose -7*d = -5*d. Suppose 6*k - 170 - m = d. Calculate the remainder when k is divided by 15.
14
Let a(g) = -19*g + 415. Let t = -13 + 24. Calculate the remainder when a(19) is divided by t.
10
Let y(o) = -8*o + 75. Suppose -5*z - 337 = -4*h, 3*h + 2*h - 5*z = 420. Calculate the remainder when h is divided by y(4).
40
Let j be 6/(-9) + (-322)/(-6). Suppose -a + j = -0*a. Suppose 32 = 2*h - 4*y, 5*h = y - 0*y + a. What is the remainder when 16 is divided by h?
6
Let c be 54/4*2236/39. Suppose 15*h = 9*h + c. What is the remainder when h is divided by 22?
19
Let g(a) be the second derivative of a**3/6 + 3*a**2/2 - a. Let u be g(5). Let y(k) = -k**3 + 8*k**2 + k + 1. Calculate the remainder when y(u) is divided by 4.
1
Let k(i) = i**2 + 2*i - 1. Suppose -15*h + 20*h - 180 = 0. Suppose -h = -f - c, 0*c - 96 = -2*f + 4*c. What is the remainder when f is divided by k(-5)?
12
Suppose 11*n = 6 + 60. Let a = 57 - 10. Let i = 69 - a. What is the remainder when i is divided by n?
4
Let d(l) = -l**3 + 5*l**2 - 3*l - 1. Let a be d(4). Suppose -a*y - 33 = 3*s, 5*s - 4*y = -y - 39. Let i = -8 - s. What is the remainder when i is divided by 1?
0
Suppose 4*h + l - 4*l = 247, -4*h = -2*l - 242. Suppose -3*k = -3*p - 57, -10*k - 2*p + 67 = -5*k. What is the remainder when h is divided by k?
13
Let o be 1/(232/76 + -3). Let t(a) = 10*a + 2. Let s be t(4). Let d = o + s. What is the remainder when d is divided by 16?
13
Calculate the remainder when (3305/(-10) - 1)*4/(-6) is divided by 4.
1
Suppose -16*i = -126 - 498. What is the remainder when 126 is divided by i?
9
What is the remainder when 34 is divided by ((-25)/(-35) - -1)*7?
10
Let a(n) = n**2 + n + 29. Let q(j) = -4*j**2 + 21*j + 6. What is the remainder when a(0) is divided by q(5)?
7
Suppose 2232 = -862*a + 874*a. Calculate the remainder when a is divided by 17.
16
Let l(y) = -6*y + 85. Suppose -2*f = 2*q + 4, 5*f - f = 0. What is the remainder when q/(-4)*(-2 + 148) is divided by l(11)?
16
Suppose 2*r + u = 14 + 42, -3*u = 6. Let m(s) = -8*s + 61. Let p be m(-10). Let n = -131 + p. What is the remainder when r is divided by n?
9
Suppose 185 = -8*k + 10